f 104 and d?
26
Suppose 16 + 4 = 5*t. Suppose -t*r + 2*r = -2*l + 14, r - 8 = -2*l. Let k = 6 + -4. Calculate the highest common divisor of k and l.
1
Suppose 2*m + 0*m + 50 = 0. Let c be 1/(-5) - 555/m. Calculate the highest common divisor of 22 and c.
22
Suppose 5*s + q - 39 = 0, 11 = 5*s - 4*q - 8. What is the greatest common factor of 1 and s?
1
Let j = 9 - -16. Calculate the highest common divisor of j and 20.
5
Let b(p) = 14*p + 3. Let h(z) = 42*z + 10. Let k(s) = 8*b(s) - 3*h(s). Let w be k(-3). Calculate the greatest common factor of w and 4.
4
Let x = -8 - -35. What is the greatest common factor of 54 and x?
27
Let y = -11 + 16. Suppose -d - 33 = -3*x + 2*d, 4*x + y*d = -1. Let g be (-1)/((-2)/88) - 2. What is the highest common factor of g and x?
6
Suppose -51*q = -45*q - 24. Calculate the highest common divisor of q and 2.
2
Let w(a) = -2*a**3 - 2*a - 1. Let h be w(-1). Suppose 3*b + h = -9, 5*v = -4*b + 334. Let u be 2/(1 + (-66)/v). What is the greatest common divisor of 7 and u?
7
Let i(n) = -n**3 + 3*n**2 + 1. Suppose 2*f + 3*f = 15. Let l be i(f). What is the greatest common divisor of 1 and l?
1
Suppose -5*n + 2*r = 0, -n + r = 5 - 2. Suppose 5*m - 540 = n*m. Calculate the highest common divisor of m and 20.
20
Let g(i) be the second derivative of -i**3/6 + 2*i**2 + i. Let o be g(-5). Let s = 170 - 89. Calculate the greatest common divisor of s and o.
9
Suppose 2*v + 5*m + 7 = -2*v, 3*v = -2*m. Suppose 4*a - 724 = 4*w, 0 = v*w - w + 1. What is the greatest common divisor of 20 and a?
20
Suppose 7*c - 8*c + 22 = 0. Calculate the greatest common divisor of 11 and c.
11
Let h(k) = 1 - 33*k + 2*k**2 + 34*k - 3. Let p be h(-2). Suppose p*v + 22 = f, -f + 5*v + 10 = -11. What is the highest common factor of 39 and f?
13
Suppose -4*x + 14 = 3*i, -i + 2*i = 2. Let z be x/(-6) + 434/6. Suppose -4*f = 5*g + 2 - 33, 5*f - 2*g = 47. What is the greatest common divisor of z and f?
9
Suppose 8 = 3*l - l. Let s be 42/l + 2/4. What is the greatest common divisor of 66 and s?
11
Let q(b) = -3*b. Let d be q(-12). What is the highest common divisor of 12 and d?
12
Suppose 3*g + a = 4, g + 2*a = 4*a + 6. What is the greatest common divisor of 6 and g?
2
Let i(v) = -v**3 + 13*v**2 + 17*v + 24. Let y be i(14). What is the greatest common factor of y and 22?
22
Let r be 3/1 + -4 + 6. Suppose 0 = -a + 4*w - 7, -2*a - a - 8 = w. Let q = r + a. Calculate the greatest common divisor of q and 5.
1
Let y(g) = -5*g + 28. Let w be y(-12). Suppose 4*t = 47 + 25. Let b be (-4)/t + (-74)/(-9). What is the greatest common factor of w and b?
8
Let a be (7/((-28)/108))/(-1). What is the greatest common factor of a and 36?
9
Suppose -2*r - 3*r = -800. Let c be 12*51/(-12)*-2. Let q be 2/(-5) - c/(-5). Calculate the greatest common divisor of q and r.
20
Let v be (3/(-6) + 1)*-142. Let z = v + 101. Calculate the highest common divisor of 75 and z.
15
Suppose 3*p - 4 = p. Let c = 47 + -17. Let t = -29 + c. What is the greatest common factor of p and t?
1
Let g = 67 - 13. What is the greatest common factor of 18 and g?
18
Let j = 90 - -1. Let k(m) = m - 2. Let l be k(2). Let g(a) = -a**2 - a + 13. Let s be g(l). Calculate the highest common factor of j and s.
13
Let z be (-3)/9 + 55/3. Let h be (-54)/(-4)*(-2)/(-3). What is the highest common divisor of h and z?
9
Let j(c) = -c + 6. Let u be j(3). Suppose -t + u*t = 22. Calculate the greatest common factor of 33 and t.
11
Let z = 142 + -23. Suppose -z - 29 = -4*l + c, 4*c = -16. Calculate the highest common divisor of 90 and l.
18
Let u(d) = d**3 - 2*d**2 - 4*d - 5. Let k = 14 + -10. Let i be u(k). Calculate the highest common factor of i and 11.
11
Suppose -3*s = s - 660. Let k(l) = -3*l**2 - 19*l + 9. Let p be k(-6). Calculate the greatest common factor of s and p.
15
Let u(q) = q**3 - 4*q**2 + 8. Let g be u(4). What is the highest common divisor of 8 and g?
8
Let y = 132 - 92. Let n be ((-12)/(-10))/(3/20). What is the highest common factor of y and n?
8
Let k(p) = -p**2 - 4*p + 2. Let l be k(-4). Suppose 0*f + l*f = 704. Suppose -4*y + 8*y = f. Calculate the highest common divisor of 11 and y.
11
Suppose -2*d + 24 = 3*m - 10, -d + 2*m = -24. What is the highest common factor of d and 5?
5
Suppose 902 = 4*b + 2*o, 373 = 4*b + 3*o - 530. Let g(p) = p**3 - 19*p**2 + 18*p + 25. Let x be g(18). What is the greatest common factor of b and x?
25
Suppose 2*m + 3*m - 80 = -4*i, -4*m = -2*i - 64. Suppose 3*l - 4*z = -19 + 5, -2*z = -2*l - 6. What is the greatest common factor of m and l?
2
Suppose -6*u + 90 = -u. Suppose -4*h + u = -2*h. What is the greatest common factor of 18 and h?
9
Suppose 0 = 4*v - 169 - 247. Calculate the highest common divisor of 13 and v.
13
Let y be (2/(-3))/((-10)/(-705)). Let u = y + 95. What is the greatest common divisor of u and 6?
6
Let o(d) = -7*d - 8. Let b be o(-6). Let y = 70 + 15. What is the greatest common factor of y and b?
17
Let l(h) = h**2 + 2*h. Let x be l(-3). Let s(f) = -f + 3*f - f**2 - 3*f**x - f**2. Let o be s(-2). Calculate the highest common divisor of o and 3.
3
Suppose -14 = 3*g - 5*q, 3*g + q - 2*q = 2. Calculate the highest common divisor of g and 3.
1
Suppose -2*x = 4*o - 682 - 230, o - 4*x = 210. Suppose -v - o = -2*h + v, 0 = -2*h + v + 225. Calculate the greatest common divisor of h and 14.
14
Let l = -19 + 51. Calculate the greatest common factor of 8 and l.
8
Let x(f) = -2*f**3 - 2*f**2 + 2*f - 3. Let l be x(-3). Let s be 4/(-6) - 143/(-39). What is the greatest common divisor of s and l?
3
Suppose -39 = -4*m + s, 0 = 3*m - 0*m + 3*s - 33. Suppose 0 = 2*t - 7*t + 15. Suppose -o - t*o = -280. What is the greatest common factor of m and o?
10
Let d = -36 + 76. Calculate the highest common factor of d and 5.
5
Let x = -1 - -38. Suppose 4*m + f = -4*f + x, -4*m = -f - 31. What is the greatest common divisor of m and 2?
2
Let x = -60 - -140. Let c = -3 - 3. Let q(y) = -y**2 - 7*y + 2. Let l be q(c). What is the greatest common factor of x and l?
8
Let a(b) = b**2 + 12*b + 14. Let l be a(-12). What is the greatest common factor of l and 112?
14
Let o = -21 - -63. Calculate the greatest common factor of o and 6.
6
Let o be 2*3/4*(-68)/(-3). What is the greatest common divisor of o and 306?
34
Let c be (-2)/(-2)*0*1. Let i(a) = -a**2 + 3*a**2 + c*a**2 + 9*a + 5. Let u be i(-7). Calculate the greatest common divisor of u and 5.
5
Suppose a + 3*a = -o + 129, 3*a = 4*o - 497. Calculate the greatest common factor of 50 and o.
25
Let i = -8 + 13. Calculate the greatest common divisor of 15 and i.
5
Suppose 4*g + 16 = 2*z - 0*z, 2*g - 10 = -2*z. Suppose -7*w + 43*w - 648 = 0. What is the greatest common factor of w and z?
6
Suppose -1 = -4*w + 11. Suppose w*v = 4*v - 24. What is the highest common divisor of v and 8?
8
Suppose g + 18 = 2*o - 5, -5*o = 2*g - 35. Let y be (-3)/(3/(-27) + 0). Calculate the highest common factor of o and y.
9
Suppose 5*b + 44 = 3*x, -5*b + x + x - 41 = 0. Let g = 16 + b. What is the greatest common factor of 99 and g?
9
Suppose 30 - 10 = 5*z. What is the greatest common divisor of z and 10?
2
Suppose -3*n - 70 = -5*l, l + 0*n + 3*n = 14. Let x = 1 + l. What is the greatest common divisor of x and 15?
15
Let m(h) = 2*h - 5. Let r be m(5). Suppose r*t = 3*t + 22. Calculate the highest common factor of 88 and t.
11
Let x = 106 + 9. What is the greatest common divisor of 23 and x?
23
Let c(k) = 13*k - 9. Let h(v) = -v**2 + 27*v - 19. Let m(j) = 13*c(j) - 6*h(j). Let s be m(-6). Calculate the highest common divisor of s and 19.
19
Let r(k) = -3 - k + 0 + 2 + 4*k. Let p be r(1). Suppose -3*c - a + 1 = 0, p*a = -4*c - 0*a. What is the highest common divisor of c and 4?
1
Suppose -2*g - 26 = -202. Suppose -2*j + 24 = 2*x, 2*x + 2 + 2 = 0. Let v be 6/j + 159/21. Calculate the highest common divisor of v and g.
8
Let j(g) = g**3 + 5*g**2 - 5*g + 3. Let x be j(-5). What is the greatest common divisor of x and 7?
7
Let m be 794/(-6) + 8/(-12). Let f = 276 + m. Let b be 10*1 - (-2 + -1). Calculate the greatest common factor of b and f.
13
Let n be (14/(-3) - -3)/(5/(-135)). Calculate the greatest common factor of n and 18.
9
Suppose 0*y - 2*y - 70 = 0. Let w = -23 - y. Calculate the highest common divisor of w and 36.
12
Suppose 8 = x + a, -x - 9 = -2*x 